{"id":512,"date":"2024-11-06T22:21:14","date_gmt":"2024-11-06T22:21:14","guid":{"rendered":"https:\/\/loveparademexico.com\/ead\/?post_type=product&#038;p=512"},"modified":"2025-03-18T22:20:11","modified_gmt":"2025-03-18T22:20:11","slug":"desayuno-ejecutivo","status":"publish","type":"product","link":"https:\/\/loveparademexico.com\/ead\/producto\/desayuno-ejecutivo\/","title":{"rendered":"Desayuno Ejecutivo"},"content":{"rendered":"","protected":false},"excerpt":{"rendered":"<h4>Incluye:<\/h4>\n<ul>\n<li>Base de madera color blanco<\/li>\n<li>Charola con ensalada mixta<\/li>\n<li>S\u00e1ndwich o Chapata de jam\u00f3n, queso gouda y aderezos<\/li>\n<li>Yogurt<\/li>\n<li>Frasco con granola<\/li>\n<li>Fruta<\/li>\n<li>Pan b\u00edsquet<\/li>\n<li>Frasco de vidrio con kit de caf\u00e9, t\u00e9, crema, az\u00facar, y sustituto<\/li>\n<li>Mo\u00f1o decorativo<\/li>\n<li>Dedicatoria impresa en sobre<\/li>\n<\/ul>\n","protected":false},"featured_media":513,"template":"","meta":[],"product_brand":[],"product_cat":[24],"product_tag":[125,126],"class_list":{"0":"post-512","1":"product","2":"type-product","3":"status-publish","4":"has-post-thumbnail","6":"product_cat-desyunos-comidas","7":"product_tag-cumpleanos","8":"product_tag-regalos","10":"first","11":"instock","12":"shipping-taxable","13":"purchasable","14":"product-type-composite"},"_links":{"self":[{"href":"https:\/\/loveparademexico.com\/ead\/wp-json\/wp\/v2\/product\/512","targetHints":{"allow":["GET"]}}],"collection":[{"href":"https:\/\/loveparademexico.com\/ead\/wp-json\/wp\/v2\/product"}],"about":[{"href":"https:\/\/loveparademexico.com\/ead\/wp-json\/wp\/v2\/types\/product"}],"wp:featuredmedia":[{"embeddable":true,"href":"https:\/\/loveparademexico.com\/ead\/wp-json\/wp\/v2\/media\/513"}],"wp:attachment":[{"href":"https:\/\/loveparademexico.com\/ead\/wp-json\/wp\/v2\/media?parent=512"}],"wp:term":[{"taxonomy":"product_brand","embeddable":true,"href":"https:\/\/loveparademexico.com\/ead\/wp-json\/wp\/v2\/product_brand?post=512"},{"taxonomy":"product_cat","embeddable":true,"href":"https:\/\/loveparademexico.com\/ead\/wp-json\/wp\/v2\/product_cat?post=512"},{"taxonomy":"product_tag","embeddable":true,"href":"https:\/\/loveparademexico.com\/ead\/wp-json\/wp\/v2\/product_tag?post=512"}],"curies":[{"name":"wp","href":"https:\/\/api.w.org\/{rel}","templated":true}]}}